common factor of 18 and x?
18
Let z(v) = -7*v**2 + 149*v + 24. Let m be z(21). Suppose 5*x = -a - a + 34, -3*x = a - 18. What is the greatest common divisor of m and a?
6
Let f(m) = -15*m - 6. Let n be f(-5). Suppose -37064 + 41618 = 759*s. Calculate the greatest common divisor of n and s.
3
Let m = 173 - 81. Suppose -17 = 91*r - m*r. What is the greatest common divisor of 272 and r?
17
Let u be (-3*28/(-105))/((-2)/(-860)). Calculate the greatest common divisor of 2795 and u.
43
Let p = -205 - -141. Let k = p - -112. Let w be -1 + 68/(5 - 1). Calculate the greatest common divisor of k and w.
16
Let f(a) = 139*a + 579. Let x be f(-3). Calculate the greatest common divisor of x and 918.
54
Suppose -237 = 11*r - 8*r. Let f = -41 - r. What is the greatest common factor of f and 76?
38
Let j be 9/(-3 + 4) - 3. Suppose j = -h + 3*h. Suppose -9*q + 210 = -h*q. What is the highest common divisor of 14 and q?
7
Suppose 0 = -4*c - 20, 2*o - c - 3*c - 30 = 0. Suppose 0*w + 5*w = 270. Suppose -o*d + w = 4. Calculate the highest common factor of d and 40.
10
Let u be -19 - (3740/(-22) - -11). Calculate the highest common factor of u and 180.
20
Let r be 0/(0 + -3*(-2)/6). Let o = 17 + r. Suppose -2*t + 199 = 3*s + 3, -3*t = 12. What is the greatest common divisor of o and s?
17
Suppose 8987 = 170*t + 8477. Let b(r) = 4*r + 1. Let f be b(8). What is the highest common divisor of t and f?
3
Suppose 0 = -25*w + 5491 + 13509. Calculate the greatest common factor of w and 285.
95
Let x = -12581 + 12606. Let m be (-219)/(-15) + 4/10. Calculate the greatest common divisor of x and m.
5
Suppose -18*s + 118746 = 21222. Calculate the greatest common factor of s and 28.
14
Let x = -105 - -300. Suppose -3*g - x = -4*s + 104, -2*s + 412 = -4*g. Let y be ((-4)/10)/(0 - (-3)/g). Calculate the highest common divisor of 14 and y.
14
Let a be 5 + -6 - 204*1. Let x = a - -528. Calculate the greatest common divisor of x and 17.
17
Let w = -63 - -174. Calculate the highest common divisor of 259 and w.
37
Suppose 17*y = 67077 + 9576 + 88944. Calculate the highest common factor of y and 102.
51
Suppose 112 = 6*w + 94. Calculate the greatest common factor of w and 6279.
3
Let x(w) = -w**2 - 15*w - 40. Let q be x(-10). Let l be (-48)/(-40)*q/3. Let d be -8 + 6 + l/((-8)/(-730)). What is the greatest common divisor of 33 and d?
33
Let j(u) = 318*u + 112. Let p be j(0). Let d = -11 - -39. Calculate the greatest common divisor of d and p.
28
Let i(b) = -b**3 - 22*b**2 - 25*b - 68. Let f(y) = y**3 + 15*y**2 + 3*y + 24. Let j be f(-15). Let d be i(j). What is the highest common factor of 64 and d?
16
Suppose 9*g - w = 1365, 3*g + 2*w - 462 = -0*w. Calculate the highest common divisor of 256 and g.
8
Suppose -30*x = -35*x + n - 96, 0 = -4*n - 16. Let i = -9 - x. What is the highest common factor of i and 176?
11
Suppose 928 = -95*q + 153*q. Let i = -8 - -12. What is the highest common divisor of q and i?
4
Let k = -8566 - -10995. Calculate the highest common divisor of k and 7.
7
Let k = -28213 - -28837. What is the greatest common factor of k and 260?
52
Let d be (-18)/2 + (-68 + 62 - -3*87). What is the greatest common factor of 138 and d?
6
Let t be (-4 + -23)/((1/(-2))/(3/(-2))). Let f = 141 + -57. Let m = f + t. Calculate the highest common divisor of 33 and m.
3
Suppose 2*x = 111 + 39. Let j = -80 + x. Let r be 1/(25/j) + (-1503)/(-15). What is the highest common factor of 250 and r?
50
Let f = -469 - -504. Suppose -f - 127 = -9*n. Calculate the highest common divisor of 9 and n.
9
Suppose -3*c - 504 = -3*o + 969, 0 = 5*o - 2*c - 2458. Suppose 72 = -6*k + o. Suppose 18*z - 13*z = k. Calculate the greatest common factor of 21 and z.
7
Let l be (-152)/4*-1 - 6. Suppose -256 = 41*h - 42*h. What is the greatest common factor of l and h?
32
Let f = -156 + 134. Let j be (253/f)/(4/(-336)*2). Calculate the highest common divisor of 21 and j.
21
Let g be (5/(-3))/((-5)/15). Let l(i) = i**3 - 3*i**2 - 7*i + 1. Let q be l(g). Suppose -s + q - 5 = 0. What is the highest common divisor of s and 77?
11
Let x = 1498 - 1344. Calculate the highest common divisor of 1034 and x.
22
Let d = -9632 - -10965. What is the highest common divisor of d and 172?
43
Let r(i) = -i**3 + 14*i**2 - 6*i. Let l be r(2). What is the greatest common factor of 2988 and l?
36
Suppose 14 = 2*x, 4*w + 5*x + 3772 - 10947 = 0. Calculate the greatest common factor of w and 15.
15
Suppose 0 = 5*c - 15*b + 11*b - 29633, -b + 3 = 0. What is the greatest common factor of c and 22?
11
Let p(a) = 37 + 1 + 19*a - 57 + a**3 + 18*a**2. Let z be p(-16). Calculate the highest common factor of z and 28.
7
Suppose -2*p - 10*s = -6*s - 636, -2*s = -3*p + 922. Let k = 330 - p. What is the highest common factor of 500 and k?
20
Suppose w - 65079 = -45176. Calculate the highest common divisor of w and 13.
13
Let p be (3038/(-42))/((-4)/(-12)). Let s = p + 232. What is the highest common factor of 60 and s?
15
Suppose -3*w - 986 = -h, 14*h - 18*h + 4019 = 3*w. What is the highest common divisor of 132 and h?
11
Let v be (-2 - 2/4)/((-46)/92). Suppose -180 = -y + u - 3*u, 0 = v*u - 20. What is the highest common factor of 43 and y?
43
Let c be -7 - 8*(4/6 - 128/48). Let g be (-15)/25 + 126/10. Calculate the highest common factor of g and c.
3
Suppose -8*j + 68 = -0*j - 28. Suppose 2*g - 4*g + 312 = 0. Calculate the greatest common divisor of j and g.
12
Suppose 70 = 29*a - 162. Let x(b) = b**2 + 42*b - 376. Let s be x(a). Let u(r) = 7*r**2 - r - 2. Let k be u(2). What is the highest common factor of s and k?
24
Suppose -45*t - 3*f = -43*t - 27, -19 = -4*t + f. Calculate the highest common divisor of t and 84.
6
Suppose 0 = 55*n - 53*n + 5*d - 3870, 4*n + d - 7812 = 0. Calculate the highest common factor of 425 and n.
85
Suppose -60 - 45 = 7*u. Let x be (0/(-1) - u)*(-26)/(-13). Calculate the highest common factor of 270 and x.
30
Let o be -4*2 - (-28 + -1450). Suppose 0 = 53*p - 23*p - o. Calculate the greatest common divisor of p and 1.
1
Suppose -4*p + 3*x = -94, -2*x - 5 = -1. Calculate the highest common factor of p and 5302.
22
Let c = 56 - 16. Let r = c + -41. Let q(j) = -48*j. Let l be q(r). Calculate the highest common divisor of l and 32.
16
Let w = -12311 - -12695. What is the greatest common divisor of w and 44?
4
Let g(i) = -i**3 - 64*i**2 - 446*i + 173. Let z be g(-56). What is the highest common divisor of 2257 and z?
61
Let l = 213 + -209. Suppose -l*y = -20, 5*j - 4*y + 11 = 4*j. Calculate the greatest common factor of j and 216.
9
Let f be ((-9)/(-27))/((-1)/(-42)). Let u = -1616 - -2610. What is the highest common factor of u and f?
14
Suppose 0 = -12*d - 61 + 49. Let h be 11 - (d + 4) - -47. Calculate the greatest common divisor of 715 and h.
55
Let l(p) be the first derivative of -2*p**2 - 45*p - 45. Let q be l(-16). What is the greatest common factor of 494 and q?
19
Suppose -5*u + 666 = -609. Suppose r - u = -5*s, 7*r = -2*s + 4*r + 89. What is the highest common divisor of s and 468?
52
Let t(w) = -7*w + 33. Let k be t(10). Let b = 42 + k. Let a = b - -21. What is the highest common divisor of 104 and a?
26
Let k(l) = -3*l**3 - 4*l**2 - 2*l + 2. Let i be k(-2). Let a = -111 - -149. Suppose 44 = w + a. Calculate the highest common divisor of w and i.
2
Let c = -11982 + 12114. Calculate the greatest common divisor of c and 726.
66
Let u(v) be the first derivative of -5*v**4/4 - 7*v**3/3 - v**2 + 22. Let w be u(-3). What is the greatest common factor of 39 and w?
39
Suppose -152*q + 149*q + 162 = 0. Let i be (3 - 2)/((-1)/(-3)). Suppose 2*t + 112 = i*n, 6*n + 3*t = 5*n + 30. Calculate the greatest common divisor of n and q.
18
Let z = 82 - 57. Let f = -16 + z. Suppose -11 = 2*y - 29. Calculate the highest common divisor of y and f.
9
Let k = -113 + 142. Suppose 20 = 5*z + 4*j - 49, 3*j = z - k. Suppose -5*i + 680 = -i. Calculate the greatest common divisor of i and z.
17
Suppose 4*h = -16*c + 1660, -115 + 0 = -c + 2*h. What is the greatest common divisor of c and 35?
35
Let z = 1381 - -1604. What is the highest common factor of z and 75?
15
Suppose -5*o + 8*o = 6. Let i(f) = -f**2 + 8*f - 5. Let n be i(6). Let w = 8 - n. What is the highest common divisor of w and o?
1
Suppose 10*q = -q + 4598. Suppose -1814 = -4*s 